be the second derivative of 0 - 5*h - 1/2*h**3 + 1/60*h**5 + 0*h**4 - 3/2*h**2. Let x(q) be the first derivative of i(q). Give x(3).
6
Let b be -5 - 2/(-1) - -13. Let v = b + -9. Let x(i) = 4*i - v - 3*i**2 + i**3 + 2*i**2 - 5*i. Calculate x(0).
-1
Let a(i) = i - 6. Let p = -866 - -876. Determine a(p).
4
Let h(i) be the first derivative of -i**4/4 - 7*i**3/3 + i**2/2 - 7*i + 9. Give h(-8).
49
Let p(i) = 13*i**3 - 5*i**2 - 16*i + 12. Let j(b) = 6*b**3 - 19 - 2*b**3 - b**2 - 4*b - b**3 + 22. Let m(s) = 9*j(s) - 2*p(s). What is m(2)?
7
Let i(u) be the first derivative of -3*u**2/2 - 3*u + 326. What is i(6)?
-21
Suppose -o + 5*q - 1 - 2 = 0, o = -q + 9. Let u(n) = -n + 1. Determine u(o).
-6
Let w(k) be the second derivative of -4*k**3/3 - k**2/2 - k - 3. Calculate w(1).
-9
Suppose -27*g = 12*g - 273. Let z(m) = m**3 - 7*m**2 - 6*m + 6. Give z(g).
-36
Let v(b) = 23*b**2 - 2*b - 27. Let s(t) = 7*t**2 - t - 8. Let h(p) = 7*s(p) - 2*v(p). What is h(4)?
34
Let i(f) = f - 1. Let h(g) be the first derivative of g + 1. Let m be 3/15 + 0 + 8/10. Let y(u) = m*i(u) - 2*h(u). What is y(-3)?
-6
Let w(j) = 0*j + 8 - 4*j + 5*j. Let q be (-8)/(-28) - (-60)/(-14). Let v be 1/q - 161/28. Determine w(v).
2
Let v(n) = n**3 - n**2 + 7*n - 1. Let c(y) = -5*y**3 + 4*y**2 - 47*y. Let x(w) = -c(w) - 6*v(w). Calculate x(4).
-6
Let p be 2/(-6)*492/(-41). Let n(y) = y**3 - 5*y**2 + 6*y - 5. Give n(p).
3
Let v be (5 - 1)*-1*3/(-6). Let k(z) = -z**2 - z**v + 8*z**2 - 6*z - 5*z**2 + 2. Calculate k(6).
2
Suppose 115 = 2*z + 125. Let n(k) = 2*k + 3*k**2 + 2*k + k - 2*k**2 + 3. What is n(z)?
3
Let d(n) = -2*n**2 + 2*n + 46. Let g be d(-4). Let y(l) = 4*l + 1. Calculate y(g).
25
Let w be (-2 - -2)/(1 + -3). Suppose 0 = m - w*m - 2. Let u(g) = -8*g + 3. Let n(z) = -2*z + 1. Let y(b) = -9*n(b) + 2*u(b). What is y(m)?
1
Let n(r) be the first derivative of -13*r**5/120 - r**4/24 + 4*r**3/3 - 9. Let c(h) be the third derivative of n(h). Let y = -22 - -23. Give c(y).
-14
Let v(i) = -i**2 - 18*i + 21. Let b be v(-19). Let n = -23 + 46. Suppose 3*y = 4*d - 1, -b*y + n = -4*d - 7*y. Let g(a) = 2*a**2 + 3*a. What is g(d)?
2
Let p(x) be the second derivative of x**7/840 - x**6/360 - x**5/120 - 7*x**4/24 + 5*x**3/3 + 9*x. Let i(w) be the second derivative of p(w). Give i(0).
-7
Let c(p) be the second derivative of p**4/12 - 8*p**3/3 + 23*p**2/2 - 433*p. What is c(14)?
-5
Let i(q) = -5*q**2 - 8*q + 4. Let r(m) = m**2 + m. Let w(j) = -i(j) - 4*r(j). Let t = -521 + 517. Give w(t).
-4
Let t = 36 - 37. Let x(v) = -15*v**3 - 1. Let n(k) = -k**3 - k - 1. Let b(r) = t*x(r) + 2*n(r). Give b(-1).
-12
Suppose 16*j - 5 = 15*j. Let o(b) = -6*b - j*b + 5*b + 4 + b**2. Calculate o(3).
-5
Let l be (-2)/(-5)*90/(-18). Let c(b) = -b**3 - 3*b**2 - 4*b - 2. Let y be c(l). Let x(r) = 0 - r + 3 - 2*r. Determine x(y).
-3
Let z(q) = 125*q**2 + 24 - 62*q**2 - 64*q**2 + q**3 + q. Give z(0).
24
Suppose 2*w + 3 = 2*y - 5, 0 = -w - y - 2. Let k(g) = g**2 - 1 + 0 + 0*g**2 + 4*g. What is k(w)?
-4
Let f = -1306 - -1301. Let u(z) be the second derivative of -z**4/12 - z**3/2 + 3*z**2/2 - z. What is u(f)?
-7
Let h(d) = -4*d + 5. Let m(g) = -2*g + 5. Let l(c) = 3*h(c) - 4*m(c). Calculate l(-6).
19
Let x(b) = -b - 6*b**3 + 5*b**3 - 3 - 2*b**2 + 2*b. Let i be x(-3). Let t(y) = -1 - 3 - y - i. Give t(0).
-7
Let f(k) be the second derivative of -k**5/20 - k**4/2 - 7*k**3/6 + k**2 + 6*k. Let o be f(-5). Let d be o/(-16)*(1 - 5). Let g(y) = 2*y - 4. What is g(d)?
2
Let c(o) = 20 - 4*o**2 + 0*o**2 + o**2 - 25*o + 2*o**2. Determine c(-26).
-6
Let h(w) = -7*w - 13. Let c(n) = 2*n + 3. Let o be -3 + (-3 - 0 - -3 - -1). Let a(z) = o*h(z) - 9*c(z). Calculate a(1).
-5
Let h(i) = -3*i**3 - 2*i**2 - 7*i - 22. Let c(a) = -2*a**3 - a**2 - 4*a - 12. Let w(s) = 5*c(s) - 3*h(s). Calculate w(3).
-9
Let x(c) be the third derivative of -c**7/840 + c**6/90 - c**5/30 + c**4/8 + 7*c**3/2 - 38*c**2. Let n(p) be the first derivative of x(p). Give n(2).
3
Let f(c) = -9*c. Let a(o) = o**2 + 4*o - 59. Let i be a(6). What is f(i)?
-9
Let i(l) = -17*l + 2. Let j(x) = -8*x + 1. Let u(t) = -3*i(t) + 7*j(t). Give u(1).
-4
Let z = -143 - -146. Let j(v) = -v**3 - v**2 + 7*v - 3. Let t(s) = -3*s**3 - 3*s**2 + 20*s - 9. Let h(m) = z*t(m) - 8*j(m). Give h(2).
-7
Let t(x) = -x**2 - 3*x + 7. Let p = 54 - 50. Let j be ((-15)/9)/(p/3 + -1). Determine t(j).
-3
Suppose -5*q = 3*m + 13, 0 = -5*m - 5*q - 0 - 5. Let h = -13 - -15. Let d(a) = -5*a**2 + 5*a - 2*a**2 - 2 + 6*a**h. Calculate d(m).
2
Let d(q) = 7*q - 11. Suppose 0 = -28*i + 10*i + 54. Give d(i).
10
Let g(x) = 8*x - 11. Let i(h) = 7*h - 10. Suppose r + 3*a = 1, -2*r + 24 = -0*r - 5*a. Let v(d) = r*i(d) - 6*g(d). Give v(6).
2
Let n be -5 + 2 + 41/(-1). Let f be ((-3)/2)/((-11)/n). Let d(l) = -2*l - 5. Give d(f).
7
Suppose 12 = 2*g + j + 4, -4*g - 4*j + 28 = 0. Let x(o) be the first derivative of -o**4 - o**3/3 + o**2/2 - 1. Calculate x(g).
-4
Let g be (-69)/(-9) - (-2)/(-3). Suppose 0 = g*f + 36 + 13. Let m(w) = w**2 + 10*w + 10. Determine m(f).
-11
Let p(w) = -w - 4. Let c(g) = -3*g + 6. Let j(x) = -c(x) - p(x). Determine j(4).
14
Let h(n) = n**2 + 6*n + 8. Let y(f) = f**3 - 15*f**2 + 53*f + 3. Let s be y(6). Give h(s).
-1
Let f(q) = q + 11. Suppose -o + y = 3*o + 44, 2*y + 33 = -3*o. Determine f(o).
0
Let g(i) = 6*i + 8. Let j(w) = 11*w + 15. Let h(d) = 7*g(d) - 4*j(d). Let c = -126 - -122. What is h(c)?
4
Let n(l) be the third derivative of -24*l**2 + 0*l**3 + 1/24*l**4 + 0*l - 1/120*l**6 + 1/60*l**5 + 0. Determine n(2).
-2
Let h(r) = -r**3 - 4*r**2 - 2*r + 1. Suppose 18 - 15 = -g. What is h(g)?
-2
Let q(a) = -314 + 2*a - a + 314. Give q(8).
8
Let c = 55 - 52. Let y(v) = -38*v + 2 - 2*v**2 + 15*v**c + 38*v - 1. What is y(1)?
14
Let c(b) = 14*b - 11. Suppose 3*i = i - 22. Let o(d) = -5*d + 4. Let s(p) = i*o(p) - 4*c(p). Suppose -3*z + 8 = -4. Give s(z).
-4
Let f(a) = a**2 - 7*a - 3*a + 2 + 5*a. Suppose 0 = -2*o - 0*o + 10. Let s be f(o). Let u(w) = -2*w + 1. What is u(s)?
-3
Let g(q) = 22*q**2 + 49*q + 61. Let j(v) = 5*v**2 + 12*v + 15. Let u(s) = -2*g(s) + 9*j(s). Give u(-9).
4
Let l(j) = 2*j**2 + 7*j. Let n(f) = -2*f**3 + 2*f**2 - f + 4. Let w be n(2). Calculate l(w).
30
Let o = 100 - 95. Suppose -8 = -o*r - 18. Let h(d) = -11*d. Give h(r).
22
Suppose -3*w + 9 = 0, -3*n - 5*w + 165 = -0*n. Let m = n - 48. Let i(g) = -g**2 + 2*g + 1. What is i(m)?
1
Let k(w) be the second derivative of w**5/10 + w**4/12 + w - 10. Let i = -8 - -10. Give k(i).
20
Let r(v) = -7*v + 17. Let q be r(7). Let d = 29 + q. Let j(s) be the first derivative of 2*s**3/3 + 3*s**2/2 - 3*s - 1. What is j(d)?
6
Let s(j) be the second derivative of -1/20*j**5 + 0 + 0*j**3 + 1/2*j**2 - 1/3*j**4 - 2*j. Let c be (1 - (-22)/(-6))*(-21)/(-14). Give s(c).
1
Let n be (5 - 0)/(3*(-11)/33). Let m(s) = -3*s - 12. Determine m(n).
3
Let p(g) = g**2 + 6*g + 2*g**2 - 54 - 4*g**2 + 54. What is p(5)?
5
Let i(s) = 2*s**2 - 7*s**2 - 9 - 6*s**2 + 12*s**2 + 4*s + 0*s**2. Calculate i(-6).
3
Let w(a) be the third derivative of -a**5/60 + 13*a**4/12 - 23*a**3/6 + a**2 - 40*a. Let p be w(25). Let l(b) = 5*b. What is l(p)?
10
Let k be 7771/(-95) + (8/10 - 1). Let p = 87 + k. Let o(a) be the third derivative of a**5/60 - 7*a**4/24 + 5*a**3/6 + 2*a**2. Determine o(p).
-5
Let w(v) = -3*v**2 + 4*v - 6. Let n be (-2)/10 + 42/10. Calculate w(n).
-38
Let c be ((-12)/(-15))/((-5)/(-25)). Suppose -3 = -c*s - q, 3*q - 9 = -3*s - 2*s. Let v(h) = h**3. Determine v(s).
0
Suppose 2*b = 14 + 4. Suppose 4*w = w + b. Let a(n) = -5 - w*n + n - 3. What is a(-6)?
4
Let z(c) = 12 - 672*c - 664*c + 1337*c. Calculate z(-5).
7
Let q(d) = 3*d**2 + 4*d + 23. Let a(w) = w**2 + w + 8. Let x(z) = 8*a(z) - 3*q(z). Let v be ((-12)/10)/(6/20). Give x(v).
-5
Let m(k) = k - 2. Let y(p) = 3*p - 7. Let x(t) = -m(t) + y(t). Let g = -1 + -5. What is x(g)?
-17
Suppose 0 = b - 4 + 1. Suppose b*a + a = -60. Let r = 19 + a. Let s(f) = -3*f + 2. What is s(r)?
-10
Suppose 4*s + 1341 - 1333 = 0. Let v(b) = -b**3 - b**2. Give v(s).
4
Let v(y) = -9*y - 2. Let b(u) = 5*u. Let i(t) = 4*b(t) + 2*v(t). Let w = 0 - -5. What is i(w)?
6
Let z be -1 + -1 + -2 + 8. Suppose -w + 3*a - 2 = 0, 0*a - z*a = -3*w - 11. Let y(s) = s**3 + 6*s**2 + 5*s + 7. Calculate y(w).
7
Let r(o) = o**3 + 11*o**2 + 15*o - 2. Let g be r(-2). Let